-756 (base 14) in base 6?
-10412
Convert -10322 (base 4) to base 6.
-1242
What is -1332331 (base 4) in base 5?
-230000
Convert -1080 (base 13) to base 8.
-4375
Convert -2231 (base 5) to base 3.
-102201
-1461 (base 11) to base 2
-11101011010
What is -10230233 (base 4) in base 5?
-1103442
Convert 26 (base 13) to base 3.
1012
What is -242421 (base 5) in base 6?
-110103
Convert -64b0 (base 12) to base 3.
-120012020
What is -a90 (base 15) in base 3?
-10021100
Convert 50115 (base 6) to base 9.
8852
6348 (base 9) to base 4
1020311
-50dd (base 15) to base 2
-100001010111011
Convert 11166 (base 8) to base 4.
1021312
-1310013 (base 4) to base 9
-11166
-2301043 (base 5) to base 9
-61833
Convert 971f (base 16) to base 10.
38687
5745 (base 8) to base 13
1503
-1424 (base 7) to base 4
-20231
-212 (base 15) to base 14
-255
Convert b0a (base 14) to base 8.
4166
4b (base 12) to base 13
47
Convert -409 (base 14) to base 3.
-1002101
Convert 10100001011 (base 2) to base 14.
683
What is 11d3 (base 15) in base 13?
1962
153b (base 15) to base 2
1000111001100
What is 7674 (base 8) in base 9?
5465
What is 11010101111 (base 2) in base 9?
2311
What is -663a (base 11) in base 16?
-2233
53305 (base 7) to base 2
11001110000010
Convert 20a3 (base 11) to base 13.
1356
18da (base 15) to base 11
4051
-25c0 (base 13) to base 7
-21505
What is -20234 (base 5) in base 14?
-6a3
244544 (base 6) to base 10
21808
21020111 (base 3) to base 7
21250
What is 10032 (base 4) in base 9?
330
What is 3934 (base 11) in base 3?
21000121
What is -255 (base 14) in base 2?
-111010011
Convert 13 (base 4) to base 13.
7
Convert -156 (base 8) to base 5.
-420
Convert 100112121 (base 4) to base 2.
10000010110011001
70 (base 10) to base 3
2121
Convert 440 (base 5) to base 4.
1320
849a (base 12) to base 13
67ba
What is 143 (base 9) in base 12?
a0
Convert 2636 (base 13) to base 16.
154d
Convert a70 (base 12) to base 2.
10111110100
What is 33330 (base 4) in base 13?
606
Convert 1900 (base 16) to base 7.
24442
1551 (base 7) to base 11
518
Convert -11001112 (base 3) to base 7.
-11423
Convert -131250 (base 6) to base 13.
-55b9
What is 100200102 (base 3) in base 8?
15622
1020012202 (base 3) to base 2
101111010010100
Convert 8a52 (base 11) to base 8.
27213
Convert -484 (base 14) to base 12.
-630
Convert 116 (base 9) to base 4.
1200
What is -457 (base 16) in base 9?
-1464
What is d0 (base 14) in base 2?
10110110
Convert 8b (base 13) to base 16.
73
-b7c (base 14) to base 16
-8da
2606 (base 9) to base 6
13010
24344 (base 5) to base 2
11100111001
Convert -1121 (base 5) to base 12.
-115
Convert -184 (base 16) to base 3.
-112101
92e0 (base 15) to base 2
111100100111011
-17423 (base 13) to base 14
-123ad
What is 12110002 (base 4) in base 13?
ba01
What is -57b (base 14) in base 8?
-2101
Convert 3434 (base 8) to base 16.
71c
-16cca (base 15) to base 4
-102000211
What is 243 (base 13) in base 8?
611
What is -184 (base 13) in base 6?
-1141
What is -54b (base 16) in base 13?
-803
What is 445503 (base 6) in base 3?
1220111210
-12d6 (base 14) to base 6
-23220
Convert 33412 (base 5) to base 3.
10020022
Convert 135 (base 13) to base 8.
325
What is -2401 (base 8) in base 10?
-1281
100110000 (base 2) to base 15
154
8e1 (base 15) to base 13
bb9
Convert -1501 (base 15) to base 2.
-1000110010101
2512 (base 10) to base 14
cb6
Convert -1333013 (base 5) to base 13.
-c53a
-146c (base 16) to base 15
-1838
Convert -4027 (base 8) to base 16.
-817
Convert 48 (base 9) to base 6.
112
c92 (base 14) to base 12
1528
What is 9703 (base 14) in base 8?
62727
Convert 262 (base 11) to base 15.
15a
What is 23900 (base 13) in base 4?
33323102
-207 (base 11) to base 16
-f9
Convert -1011000100111001 (base 2) to base 16.
-b139
Convert -111110001011010 (base 2) to base 4.
-13301122
-21344 (base 5) to base 15
-684
What is 237 (base 16) in base 9?
700
648 (base 15) to base 4
112022
What is -691d (base 14) in base 15?
-5620
What is -c9b (base 15) in base 8?
-5436
What is -1dbf (base 16) in base 9?
-11401
Convert -5391 (base 11) to base 3.
-100202122
What is 110101110111 (base 2) in base 7?
13023
Convert 131104 (base 6) to base 3.
121100111
Convert 2121121 (base 3) to base 5.
30111
Convert -593 (base 13) to base 14.
-4cd
Convert -1508 (base 12) to base 6.
-15212
Convert -2023 (base 4) to base 12.
-b7
-20110 (base 4) to base 13
-31c
-12926 (base 10) to base 4
-3021332
-101000201 (base 3) to base 12
-4291
191 (base 16) to base 8
621
What is 213043 (base 5) in base 8?
16151
What is 360 (base 11) in base 2?
110101101
-3231 (base 5) to base 4
-12321
What is -13504 (base 8) in base 15?
-1b71
-141221 (base 7) to base 11
-19205
Convert 24152 (base 7) to base 2.
1100001110100
Convert 10343 (base 9) to base 7.
25644
Convert 259 (base 15) to base 16.
216
What is -24453 (base 7) in base 13?
-2bbc
-21150 (base 10) to base 16
-529e
Convert -152 (base 12) to base 16.
-ce
-1970 (base 11) to base 5
-34442
-1011010110100 (base 2) to base 16
-16b4
12210 (base 3) to base 8
234
Convert -843 (base 9) to base 11.
-575
Convert 162 (base 15) to base 3.
102202
Convert 9439 (base 11) to base 2.
11000011011001
What is -31210 (base 5) in base 9?
-2733
What is -10a35 (base 14) in base 4?
-21313213
Convert 10051 (base 6) to base 3.
1211011
What is -1052 (base 9) in base 8?
-1410
What is -10d4 (base 15) in base 3?
-11220101
Convert -17652 (base 9) to base 5.
-342242
-7fe (base 16) to base 3
-2210210
Convert 53224 (base 6) to base 8.
16060
13270 (base 13) to base 12
18711
What is -21463 (base 10) in base 11?
-15142
What is 61132 (base 7) in base 6?
152341
Convert -1001101110011 (base 2) to base 16.
-1373
5b4 (base 13) to base 16
3e0
Convert 2011 (base 4) to base 11.
111
What is 310430 (base 6) in base 3?
1021000000
Convert 667 (base 8) to base 6.
2011
Convert 3221 (base 7) to base 10.
1142
Convert -12233333 (base 4) to base 9.
-41828
What is -2300 (base 4) in base 3?
-20112
-11022 (base 4) to base 8
-512
-54a6 (base 13) to base 12
-69b1
-2025 (base 16) to base 7
-32664
Convert 88b (base 14) to base 13.
a01
Convert 35042 (base 9) to base 3.
1012001102
56d (base 14) to base 5
13302
What is 3163 (base 7) in base 4?
101203
What is -1060 (base 8) in base 2?
-1000110000
Convert 26b (base 15) to base 16.
227
Convert -1000111 (base 2) to base 3.
-2122
Convert -81373 (base 9) to base 12.
-26b86
What is -3b6 (base 12) in base 15?
-280
What is -23331322 (base 4) in base 5?
-3032033
What is 708 (base 10) in base 9?
866
-212112 (base 3) to base 12
-44b
Convert 1102 (base 9) to base 10.
812
What is 5531 (base 6) in base 7?
3505
756 (base 10) to base 5
11011
Convert 114154 (base 7) to base 2.
101000010111100
Convert -331 (base 4) to base 12.
-51
What is 333 (base 16) in base 6?
3443
Convert -103125 (base 6) to base 8.
-20435
-235 (base 16) to base 11
-474
2c60 (base 16) to base 5
330420
What is -2c1b (base 14) in base 3?
-101210022
What is -116 (base 14) in base 2?
-11011000
What is 212 (base 10) in base 6?
552
What is 220 (base 16) in base 2?
1000100000
-11246 (base 10) to base 15
-34eb
a0 (base 16) to base 15
aa
17663 (base 9) to base 16
2faf
What is -681b (base 12) in base 15?
-3648
Convert 239e (base 16) to base 2.
10001110011110
Convert 1201010 (base 4) to base 15.
1c92
What is -1764 (base 10) in base 11?
-1364
Convert -261 (base 16) to base 2.
-1001100001
ac4 (base 16) to base 11
2086
What is -1bb0 (base 16) in base 5?
-211323
Convert -601 (base 7) to base 6.
-1211
706 (base 10) to base 9
864
232004 (base 6) to base 4
10312210
Convert 34032 (base 11) to base 8.
140202
-41b0 (base 12) to base 7
-26646
What is -31112 (base 5) in base 16?
-7f0
What is -172 (base 9) in base 16?
-92
What is -152252 (base 6) in base 3?
-202021212
What is 271 (base 16) in base 7?
1552
What is 4b2 (base 14) in base 12?
664
28b (base 12) to base 2
110001011
What is 11331 (base 4) in base 3?
112010
Convert -497 (base 10) to base 15.
-232
Convert 8a8 (base 13) to base 4.
113102
What is -120312 (base 5) in base 14?
-18a5
409 (base 13) to base 6
3101
Convert 101110010100 (base 2) to base 13.
1470
7d92 (base 15) to base 8
64077
3013221 (base 4) to base 5
402102
-d514 (base 15) to base 4
-22333123
-431 (base 11) to base 9
-635
What is 7735 (base 13) in base 14?
60a2
-200020 (base 5) to base 2
-1100001110100
941 (base 10) to base 